ime factors of 1322?
2, 661
List the prime factors of 898.
2, 449
List the prime factors of 40750.
2, 5, 163
List the prime factors of 5176.
2, 647
List the prime factors of 48977.
17, 43, 67
List the prime factors of 36534.
2, 3, 6089
List the prime factors of 3085.
5, 617
List the prime factors of 1264.
2, 79
What are the prime factors of 7471?
31, 241
List the prime factors of 349.
349
List the prime factors of 3733.
3733
List the prime factors of 29069.
41, 709
List the prime factors of 26448.
2, 3, 19, 29
List the prime factors of 42335.
5, 8467
What are the prime factors of 85414?
2, 7, 6101
List the prime factors of 1113.
3, 7, 53
List the prime factors of 1297.
1297
List the prime factors of 28132.
2, 13, 541
What are the prime factors of 400?
2, 5
What are the prime factors of 10862?
2, 5431
What are the prime factors of 5447?
13, 419
List the prime factors of 7122.
2, 3, 1187
List the prime factors of 818.
2, 409
What are the prime factors of 8492?
2, 11, 193
List the prime factors of 1316.
2, 7, 47
What are the prime factors of 815?
5, 163
What are the prime factors of 4296?
2, 3, 179
What are the prime factors of 3500?
2, 5, 7
List the prime factors of 395.
5, 79
What are the prime factors of 559?
13, 43
List the prime factors of 18704.
2, 7, 167
What are the prime factors of 108?
2, 3
What are the prime factors of 2859?
3, 953
List the prime factors of 5281.
5281
List the prime factors of 522.
2, 3, 29
List the prime factors of 25075.
5, 17, 59
What are the prime factors of 12322?
2, 61, 101
What are the prime factors of 2706?
2, 3, 11, 41
What are the prime factors of 3064?
2, 383
List the prime factors of 8055.
3, 5, 179
List the prime factors of 3787.
7, 541
List the prime factors of 10324.
2, 29, 89
List the prime factors of 37147.
11, 307
What are the prime factors of 46460?
2, 5, 23, 101
List the prime factors of 6316.
2, 1579
List the prime factors of 18960.
2, 3, 5, 79
List the prime factors of 37138.
2, 31, 599
What are the prime factors of 350?
2, 5, 7
What are the prime factors of 2985?
3, 5, 199
What are the prime factors of 16478?
2, 7, 11, 107
What are the prime factors of 94295?
5, 18859
What are the prime factors of 243?
3
What are the prime factors of 3553?
11, 17, 19
What are the prime factors of 8189?
19, 431
What are the prime factors of 14760?
2, 3, 5, 41
What are the prime factors of 17004?
2, 3, 13, 109
List the prime factors of 1098.
2, 3, 61
List the prime factors of 28479.
3, 11, 863
What are the prime factors of 1295?
5, 7, 37
What are the prime factors of 2613?
3, 13, 67
What are the prime factors of 169007?
169007
List the prime factors of 13948.
2, 11, 317
What are the prime factors of 4817?
4817
List the prime factors of 79411.
79411
What are the prime factors of 1428?
2, 3, 7, 17
What are the prime factors of 1190?
2, 5, 7, 17
List the prime factors of 11913.
3, 11, 19
What are the prime factors of 27051?
3, 71, 127
What are the prime factors of 2037?
3, 7, 97
List the prime factors of 962.
2, 13, 37
What are the prime factors of 409?
409
List the prime factors of 34223.
7, 4889
What are the prime factors of 3590?
2, 5, 359
List the prime factors of 17199.
3, 7, 13
List the prime factors of 2242.
2, 19, 59
What are the prime factors of 694?
2, 347
List the prime factors of 6771.
3, 37, 61
What are the prime factors of 1497?
3, 499
List the prime factors of 88459.
7, 12637
List the prime factors of 2853.
3, 317
List the prime factors of 45366.
2, 3, 7561
What are the prime factors of 1587?
3, 23
List the prime factors of 513.
3, 19
List the prime factors of 13897.
13, 1069
List the prime factors of 71184.
2, 3, 1483
List the prime factors of 14191.
23, 617
What are the prime factors of 15595?
5, 3119
What are the prime factors of 12225?
3, 5, 163
List the prime factors of 10827.
3, 401
List the prime factors of 3887.
13, 23
List the prime factors of 7823.
7823
List the prime factors of 2567.
17, 151
What are the prime factors of 9175?
5, 367
List the prime factors of 42122.
2, 21061
What are the prime factors of 7755?
3, 5, 11, 47
What are the prime factors of 215?
5, 43
List the prime factors of 2063.
2063
List the prime factors of 69939.
3, 19, 409
What are the prime factors of 1298?
2, 11, 59
List the prime factors of 1529.
11, 139
What are the prime factors of 2021?
43, 47
What are the prime factors of 18504?
2, 3, 257
List the prime factors of 3153.
3, 1051
List the prime factors of 7401.
3, 2467
What are the prime factors of 7915?
5, 1583
What are the prime factors of 37379?
37379
List the prime factors of 610.
2, 5, 61
What are the prime factors of 3090?
2, 3, 5, 103
List the prime factors of 2208.
2, 3, 23
List the prime factors of 3502.
2, 17, 103
What are the prime factors of 13333?
67, 199
List the prime factors of 827.
827
What are the prime factors of 367?
367
List the prime factors of 1609.
1609
What are the prime factors of 332?
2, 83
List the prime factors of 1244.
2, 311
List the prime factors of 9607.
13, 739
List the prime factors of 1179.
3, 131
What are the prime factors of 1276?
2, 11, 29
List the prime factors of 1228.
2, 307
What are the prime factors of 1373?
1373
List the prime factors of 26953.
26953
What are the prime factors of 1951?
1951
List the prime factors of 1010.
2, 5, 101
What are the prime factors of 1991?
11, 181
What are the prime factors of 5?
5
List the prime factors of 3586.
2, 11, 163
What are the prime factors of 876?
2, 3, 73
What are the prime factors of 3132?
2, 3, 29
What are the prime factors of 9586?
2, 4793
What are the prime factors of 35?
5, 7
List the prime factors of 90727.
7, 13, 997
List the prime factors of 73222.
2, 31, 1181
List the prime factors of 2110.
2, 5, 211
What are the prime factors of 545?
5, 109
List the prime factors of 46841.
31, 1511
What are the prime factors of 627?
3, 11, 19
What are the prime factors of 93?
3, 31
List the prime factors of 1427.
1427
What are the prime factors of 1890?
2, 3, 5, 7
What are the prime factors of 89741?
43, 2087
What are the prime factors of 7351?
7351
What are the prime factors of 17883?
3, 1987
List the prime factors of 71913.
3, 23971
List the prime factors of 3164.
2, 7, 113
What are the prime factors of 5244?
2, 3, 19, 23
List the prime factors of 693.
3, 7, 11
What are the prime factors of 6805?
5, 1361
What are the prime factors of 21106?
2, 61, 173
List the prime factors of 116953.
116953
What are the prime factors of 1805?
5, 19
What are the prime factors of 55078?
2, 27539
List the prime factors of 129360.
2, 3, 5, 7, 11
List the prime factors of 1954.
2, 977
What are the prime factors of 1628?
2, 11, 37
What are the prime factors of 1093?
1093
List the prime factors of 4676.
2, 7, 167
List the prime factors of 12125.
5, 97
List the prime factors of 824.
2, 103
What are the prime factors of 579?
3, 193
What are the prime factors of 283?
283
What are the prime factors of 67862?
2, 33931
What are the prime factors of 780?
2, 3, 5, 13
What are the prime factors of 95862?
2, 3, 13, 1229
List the prime factors of 1709.
1709
What are the prime factors of 16830?
2, 3, 5, 11, 17
What are the prime factors of 23281?
31, 751
List the prime factors of 1201.
1201
What are the prime factors of 65356?
2, 16339
List the prime factors of 24836.
2, 7, 887
What are the prime factors of 35232?
2, 3, 367
List the prime factors of 79816.
2, 11, 907
What are the prime factors of 61573?
67, 919
What are the prime factors of 2734?
2, 1367
What are the prime factors of 605?
5, 11
What are the prime factors of 18450?
2, 3, 5, 41
List the prime factors of 92438.
2, 46219
What are the prime factors of 1919?
19, 101
What are the prime factors of 145622?
2, 17, 4283
What are the prime factors of 45619?
7, 19
List the prime factors of 190.
2, 5, 19
List the prime factors of 19854.
2, 3, 1103
List the prime factors of 3819.
3, 19, 67
What are the prime factors of 2021?
43, 47
List the prime factors of 69855.
3, 5, 4657
What are the prime factors of 2457?
3, 7, 13
What are the prime factors of 5139?
3, 571
List the prime factors of 96174.
2, 3, 13, 137
List the prime factors of 3979.
23, 173
List the prime factors of 17457.
3, 11, 23
List the prime factors of 17311.
7, 2473
List the prime factors of 1828.
2, 457